d 1043544?
24
Calculate the highest common divisor of 250 and 64710.
10
What is the highest common factor of 141568 and 64?
64
What is the highest common factor of 21 and 44199?
3
What is the highest common factor of 188 and 272?
4
What is the greatest common factor of 320 and 39020?
20
Calculate the greatest common factor of 8125 and 4225.
325
What is the greatest common factor of 4 and 2659978?
2
Calculate the highest common factor of 6704 and 248.
8
What is the highest common factor of 4760 and 13770?
170
Calculate the greatest common divisor of 1008 and 28539.
63
Calculate the greatest common factor of 387568 and 16.
16
Calculate the greatest common divisor of 82922 and 28.
14
What is the greatest common factor of 5780 and 12500?
20
What is the greatest common divisor of 4475 and 215?
5
Calculate the greatest common divisor of 38702949 and 141.
141
What is the greatest common divisor of 46376 and 3179?
187
Calculate the greatest common divisor of 58744 and 240.
8
What is the greatest common divisor of 62864 and 64?
16
What is the greatest common factor of 7152 and 384?
48
What is the greatest common divisor of 1104 and 28497?
69
Calculate the highest common factor of 8270 and 110.
10
What is the highest common factor of 547586 and 26?
26
Calculate the highest common factor of 1176 and 273.
21
What is the highest common divisor of 21761 and 2397?
47
Calculate the highest common factor of 20 and 1830260.
20
Calculate the greatest common factor of 4 and 79792.
4
What is the highest common factor of 66096 and 45?
9
What is the greatest common divisor of 1254 and 282777?
627
Calculate the highest common divisor of 25 and 1825.
25
Calculate the greatest common divisor of 1338 and 318.
6
Calculate the greatest common divisor of 201 and 6499.
67
What is the greatest common divisor of 110705 and 35?
35
Calculate the greatest common divisor of 6667 and 791.
113
Calculate the greatest common divisor of 50337 and 189.
63
What is the greatest common divisor of 33 and 1371?
3
What is the greatest common factor of 17290 and 29330?
70
What is the greatest common factor of 279 and 984033?
279
Calculate the highest common factor of 297927 and 189.
63
What is the highest common divisor of 27531 and 3312?
207
What is the highest common divisor of 58460 and 1295?
185
Calculate the highest common divisor of 62445 and 8625.
345
Calculate the highest common factor of 487960 and 165.
55
What is the greatest common divisor of 10735 and 16435?
95
What is the greatest common factor of 111283 and 247?
19
What is the highest common factor of 57524 and 9928?
292
What is the greatest common factor of 1188 and 32736?
132
Calculate the highest common factor of 8583719 and 41.
41
Calculate the greatest common divisor of 1338 and 728987.
223
What is the greatest common factor of 1127 and 4163?
23
Calculate the highest common factor of 705500 and 4.
4
Calculate the highest common divisor of 83693 and 94237.
659
What is the highest common factor of 71780 and 80?
20
Calculate the highest common factor of 93 and 69409.
31
Calculate the greatest common divisor of 43450 and 20.
10
Calculate the greatest common factor of 55157 and 7125.
19
Calculate the greatest common divisor of 605 and 565917.
121
What is the greatest common divisor of 6845 and 58645?
185
Calculate the highest common factor of 29104 and 748.
68
What is the greatest common factor of 162909 and 414?
207
What is the greatest common factor of 2529 and 153?
9
What is the highest common divisor of 3461112 and 4535?
907
Calculate the greatest common factor of 140688 and 36.
36
Calculate the highest common factor of 330751 and 1808.
113
What is the greatest common divisor of 117 and 46449?
117
Calculate the highest common factor of 48 and 5556.
12
What is the highest common divisor of 1144 and 9526?
22
What is the greatest common divisor of 405 and 24777?
9
What is the greatest common divisor of 470630 and 190?
190
Calculate the highest common divisor of 205766 and 638.
22
Calculate the highest common divisor of 488 and 61.
61
Calculate the greatest common factor of 202 and 2326.
2
Calculate the highest common divisor of 369 and 98277.
123
Calculate the greatest common divisor of 12134 and 2.
2
Calculate the greatest common factor of 198144 and 320.
64
Calculate the highest common factor of 49896 and 36.
36
Calculate the greatest common factor of 4447 and 19.
1
What is the greatest common factor of 5379 and 4488?
33
Calculate the greatest common factor of 1392 and 1776.
48
What is the highest common factor of 437 and 41906?
23
What is the greatest common factor of 23309 and 429?
143
What is the greatest common divisor of 102 and 187?
17
Calculate the greatest common factor of 155 and 4788725.
155
What is the greatest common factor of 28572 and 12?
12
What is the highest common factor of 414 and 402?
6
Calculate the greatest common divisor of 233760 and 5040.
240
What is the greatest common factor of 621 and 1311?
69
Calculate the greatest common factor of 203079 and 4448.
139
Calculate the highest common divisor of 20595 and 30.
15
Calculate the greatest common divisor of 52 and 46150.
26
What is the highest common factor of 52 and 655330?
26
Calculate the greatest common divisor of 5 and 111275.
5
What is the greatest common factor of 21855 and 188?
47
What is the highest common factor of 285 and 13965?
285
Calculate the greatest common divisor of 1928763 and 123.
123
What is the highest common factor of 62 and 19282?
62
Calculate the greatest common factor of 2199 and 1045991.
733
Calculate the greatest common divisor of 553338 and 54.
54
Calculate the highest common divisor of 2328767 and 371.
371
What is the highest common factor of 22008 and 38472?
168
What is the highest common divisor of 19416 and 1308?
12
Calculate the greatest common divisor of 3479 and 134946.
49
What is the greatest common factor of 2104 and 328750?
526
Calculate the greatest common factor of 4928 and 1771.
77
What is the highest common divisor of 1069056 and 126?
18
Calculate the highest common factor of 265 and 1191440.
265
Calculate the greatest common factor of 2727544 and 1835.
367
Calculate the greatest common factor of 6534 and 95106.
726
Calculate the greatest common factor of 518 and 1211.
7
What is the greatest common divisor of 2 and 608758?
2
What is the highest common divisor of 701303 and 274?
137
What is the greatest common divisor of 10293 and 4371?
141
Calculate the highest common factor of 4859 and 29068.
43
What is the greatest common divisor of 109836 and 216?
108
Calculate the highest common divisor of 83454 and 84.
42
What is the greatest common factor of 3 and 36570?
3
What is the highest common divisor of 3458 and 27398?
266
Calculate the greatest common factor of 16605 and 4050.
405
Calculate the highest common factor of 2565 and 1235.
95
Calculate the highest common factor of 447784 and 9538.
502
Calculate the greatest common factor of 579 and 155751.
579
What is the greatest common divisor of 47 and 274292?
47
Calculate the greatest common divisor of 37980 and 54.
18
What is the highest common factor of 184500 and 20?
20
What is the highest common factor of 506 and 7797?
23
What is the greatest common divisor of 430167 and 1286?
643
What is the greatest common factor of 11336 and 260?
52
What is the greatest common factor of 143 and 663256?
11
What is the highest common factor of 50 and 65830?
10
What is the highest common factor of 24776 and 3496?
152
What is the greatest common factor of 536262 and 12?
6
Calculate the greatest common factor of 263757 and 429.
39
What is the greatest common divisor of 43036 and 172?
4
Calculate the greatest common factor of 122 and 379054.
122
Calculate the greatest common factor of 1603 and 311669.
229
What is the greatest common factor of 80 and 236270?
10
What is the greatest common factor of 161645 and 429?
11
Calculate the greatest common divisor of 22825 and 1375.
275
Calculate the greatest common divisor of 7897 and 1855.
53
Calculate the greatest common divisor of 3162983 and 115.
23
What is the highest common factor of 12975824 and 16?
16
What is the highest common divisor of 163057 and 97?
97
What is the greatest common factor of 340 and 4225945?
85
Calculate the grea